visor of 22 and h?
11
Let a be (1 + -7)/(182/792 - 104/416). Let x(s) = 27*s**2 - s - 1. Let z be x(-1). Calculate the highest common factor of a and z.
27
Let o(y) = -8*y**3 + 3*y**2 - 3*y - 4. Let b be o(2). Let q = b + 188. Calculate the highest common factor of 18 and q.
18
Let p = -24 + 54. Suppose 3*a + 3 - 6 = 0. Let j be -1*2/(-1) + a. What is the highest common factor of p and j?
3
Suppose 5*c = -5, -4*c = -4*j - c - 349. Let g = -895 + 635. Let k be (-1)/(g/j + -3). Calculate the highest common factor of k and 11.
11
Let j = 694 - 662. What is the highest common factor of 136 and j?
8
Suppose -4*u = -7*q - 98, 2*u - 4*q + 18 = 5*u. Suppose m - 12 = -g + 11, 4*m - 132 = 4*g. Calculate the highest common divisor of u and m.
14
Let j(r) = -3*r**3 - 5*r**2 - 19*r - 98. Let f be j(-5). What is the highest common factor of f and 52?
13
Let d = 2426 - 2331. What is the highest common factor of 2755 and d?
95
Let s = -139 + 187. What is the highest common divisor of s and 432?
48
Suppose -671 = 9*t - 14*t + 3*d, -4*d = -12. What is the greatest common factor of t and 34?
34
Let v be ((-12)/18)/(3/(-63)). Let m(x) = -6*x**3 + x**2. Let u be m(-1). What is the highest common factor of v and u?
7
Let q(i) = 8*i**2 - 12*i - 30. Let f be q(16). What is the greatest common divisor of 22 and f?
22
Let h(z) = 2*z**3 + 45*z**2 - 34*z - 88. Let u be h(-23). Let i(t) = -4*t - 5. Let x be i(-5). What is the highest common divisor of u and x?
15
Suppose 868 + 4913 = 41*q. Calculate the highest common factor of q and 893.
47
Let k be 9/6*(-20)/(-3). Calculate the greatest common divisor of 15 and k.
5
Suppose -3*l + 4*n + 10 = 2*n, -2*l - n = 5. Suppose l = 5*f + 15 - 5. Let d be (1/f)/((-1)/6). What is the highest common factor of d and 33?
3
Let k(n) = -5*n**2 + 3*n - 2. Let y be k(2). Let t = 52 + -56. Let q be ((-28)/y)/((-1)/t). Calculate the greatest common factor of q and 35.
7
Let n = 728 + -576. Let l(d) = -4 + 23 - d + 0*d. Let r be l(0). What is the highest common factor of r and n?
19
Let o(j) = j**3 + 2*j**2 - 28*j + 11. Let h be o(7). What is the highest common divisor of 16 and h?
16
Let l = 20 - 8. Let w be l + 4 + (-1 - -1). Calculate the greatest common divisor of w and 16.
16
Let m(o) = 4*o**2 + 2*o + 3. Let s be m(-2). Let i = s + 0. Let z be 4 + i + -1*1. Calculate the highest common divisor of 9 and z.
9
Let g = -38 + 25. Let o = g - 8. Let h be 2 + o*(-42)/9. Calculate the greatest common factor of h and 20.
20
Suppose -17 + 7517 = 25*f. What is the greatest common factor of f and 325?
25
Let o(m) = 4*m**2 + 31*m + 50. Let a be o(-6). Calculate the greatest common divisor of a and 2536.
8
Let g be -6 + (-4)/(-2) + 8. Let c(u) = 105 - 7*u - g*u + 12*u. Let m be c(0). Calculate the highest common factor of 15 and m.
15
Suppose -51 - 21 = -4*o. Let p = 0 - 67. Let f = 139 + p. What is the greatest common factor of f and o?
18
Suppose 0 = h - 4*n - 21, 0 = 3*h - h - 5*n - 33. Let d = -4 + h. Let f(s) = s**3 - 4*s. Let w be f(3). Calculate the greatest common factor of w and d.
5
Let j be (-106)/(-4) + (-39)/26. Calculate the greatest common divisor of 175 and j.
25
Let i be ((-105)/10)/((-6)/16). Calculate the highest common divisor of 140 and i.
28
Let y be (-2 - 64/(-10))/((-20)/(-50)). Let l(f) = f**2 - 5*f + 5. Let n be l(4). Calculate the greatest common factor of n and y.
1
Suppose 0 = 4*x + 50 + 2. Let a be 2 + 7 - (-14 - x). What is the highest common divisor of 10 and a?
10
Let j(l) = 110*l**2 - 10*l + 9. Let z be j(1). Let o = -105 + z. What is the greatest common factor of o and 8?
4
Let d(o) = o**3 + 9*o**2 + 1. Let i be d(-9). Let j be (3*i/3)/(1/4). Let f = 19 + 9. What is the highest common divisor of f and j?
4
Let b(t) = 23*t**3 - 6*t**2 + 2*t + 22. Let f be b(2). Calculate the highest common divisor of f and 496.
62
Suppose -5*x + 4*m - 8*m + 11 = 0, -2*x - 5*m = -1. Suppose -x = -s + 16. Suppose s + 51 = 5*b. Calculate the highest common divisor of b and 56.
14
Suppose -o + 4*a = -45, 4*a + 33 + 49 = 2*o. Suppose -204 = 2*i - 574. Calculate the greatest common divisor of i and o.
37
Suppose -68 = 4*h + 72. Let a = h + 45. Calculate the greatest common divisor of a and 10.
10
Suppose -25*z + 11*z = -42. Calculate the greatest common divisor of 192 and z.
3
Let u(f) = 3*f + 32. Let x be u(26). What is the greatest common divisor of x and 275?
55
Let r = 17 + 53. Suppose 6*u - 11*u + r = 0. What is the highest common divisor of 14 and u?
14
Suppose -4 = u, -54*u - 50 = -2*a - 59*u. Calculate the greatest common factor of a and 595.
35
Let w be 4/(-22) - (-20709)/99. Suppose -61 + w = f. Let v = f - 80. Calculate the highest common divisor of v and 17.
17
Suppose -3*m - 3197 = -4*r, -11*r + 2*m - 3202 = -15*r. Calculate the greatest common divisor of r and 5.
5
Let v(w) = w + 2. Let o(q) = -q + 2. Let r be o(2). Let b be v(r). Suppose 0*y = b*y - 4. What is the highest common divisor of 16 and y?
2
Let x = 608 - 364. Let z = -74 + x. Suppose -v - 2*v = -12, 2*b + 5*v = z. Calculate the highest common factor of 15 and b.
15
Suppose -w - 35 = -6*w. Suppose -2*k + 3*h = w, 5*k - 2*h - 3*h = -5. Suppose -35 - 5 = -5*s. What is the highest common factor of s and k?
4
Let a = -6740 + 6749. Suppose -i - 1 = -4. Calculate the highest common divisor of i and a.
3
Let z(y) = y**2 + 6*y + 6. Let n be z(-6). Suppose -2*o = -d + 4 + 6, -56 = -2*d - 5*o. Calculate the greatest common divisor of n and d.
6
Suppose -5*j - 290 = -0*j. Let n be j/12 + 6/(-36). Let g be n/(-15) - (-5)/3. Calculate the greatest common factor of 3 and g.
1
Let c = 0 - -2. Let n = 2118 + -2116. Calculate the greatest common factor of c and n.
2
Suppose -3*x = 2*x - 75. Let y be (72/x)/(3/10). Suppose -526*q = -539*q + 208. Calculate the greatest common divisor of q and y.
16
Let t be (-4 + 5)/(2/198). Let u = t - 74. Calculate the greatest common divisor of u and 225.
25
Suppose -2*m - 78 = -3*s, 9*s + 3*m = 6*s + 63. What is the highest common factor of s and 16?
8
Let a be 12/(-24) - 573/(-6). Calculate the greatest common divisor of a and 19.
19
Let i = -6 + 10. Suppose -2*w + i*b + 20 = -w, 0 = -5*b. Suppose 106*c - 158*c + 1560 = 0. What is the greatest common divisor of c and w?
10
Let t be 78/(-429) - 666/(-33). Calculate the highest common divisor of t and 2360.
20
Let x be -1545*(-9)/81 - (-2)/(-3). Calculate the highest common factor of 18 and x.
9
Let b = 105 - 63. Suppose 9*s = 7*s + b. Calculate the greatest common factor of s and 147.
21
Let t = 35 + -11. Calculate the highest common factor of 42 and t.
6
Let t(y) = 77*y + 18. Let k be t(6). What is the highest common factor of 96 and k?
96
Suppose 1 = -4*f + 13. Suppose -3*t + f*w - 200 = -2*t, -2*t = -3*w + 406. Let g = t + 321. Calculate the greatest common factor of g and 23.
23
Let o = -44 - -86. Suppose 4*v + 3*c - o = 0, 2*v + 4*c = 3*v - 1. Let b(p) = p**2 - 6*p + 9. Let a be b(6). What is the greatest common divisor of a and v?
9
Suppose 5*m + 43 = 63. Suppose -5*c = -m*c - 4. What is the highest common divisor of 28 and c?
4
Let g(i) = 3*i + 13. Let s be g(-3). Suppose 2*d + s*d - 18 = 0. What is the highest common factor of 30 and d?
3
Let p = 45 - 53. Let m be (p/6)/((-2)/21). What is the greatest common divisor of m and 28?
14
Let o = -36 - -96. Let q be ((-1)/4)/((627/2640)/(-19)). What is the highest common divisor of o and q?
20
Let q be (3 - -9)/(10/25). What is the greatest common factor of q and 20?
10
Let w be 2 - 22/(-2 - 0). Let s be (-2 + 10)*3/6. Suppose -s*z + 933 = 361. What is the highest common divisor of z and w?
13
Let u(w) = w**3 + 10*w**2 + 3*w - 45. Let d be u(-7). What is the highest common factor of 3 and d?
3
Suppose 8*o - 3*o - 25 = 0. Suppose -o*v = n - 52, 3 = 2*n - 3*n. What is the greatest common factor of 121 and v?
11
Let d = -1821 - -3229. What is the greatest common factor of d and 8?
8
Let c be 6/12*254 - -5. What is the greatest common divisor of 33 and c?
33
Let h(b) = 156*b - 4. Let i be (-4 + 13)/((-6)/8). Let q be h(i). Let g be q/(-18) + (-2)/9. Calculate the highest common factor of 13 and g.
13
Let h = 82 - 27. Suppose 24*q = 11 + 517. Calculate the highest common factor of q and h.
11
Suppose 15 = f + 4*f. Let c be (f/2)/(1/10). Suppose 